{"id":33,"date":"2019-01-26T21:35:11","date_gmt":"2019-01-26T20:35:11","guid":{"rendered":"http:\/\/www.miniztraiteur.com\/?page_id=33"},"modified":"2019-02-15T17:45:44","modified_gmt":"2019-02-15T16:45:44","slug":"valeurs","status":"publish","type":"page","link":"https:\/\/www.miniztraiteur.com\/index.php\/valeurs\/","title":{"rendered":"Nos valeurs"},"content":{"rendered":"\n<p>Vous offrir des produits frais, de saison, faits maison, fabriqu\u00e9s du jour, pour tous les app\u00e9tits et toutes les envies, voil\u00e0 le concept Miniz traiteur. <\/p>\n\n\n\n<p>Nous vous proposons des sandwichs aux pains vari\u00e9s, des salades, des k\u00e9babs, des burgers, des focaccias, des wraps&#8230; \u00e7a c&rsquo;est pour le sal\u00e9. C\u00f4t\u00e9 sucr\u00e9 il faut essayer notre d\u00e9licieuse tarte aux noix, nos tiramisus au sp\u00e9culoos, au caramel, notre p\u00eache melba, nos paste\u00efs de nata, plateau de fruits et beaucoup d&rsquo;autres. <\/p>\n\n\n\n<p>Comptez 5 produits par personne pour rassasier la plupart des app\u00e9tits. Pour un app\u00e9tit d&rsquo;ogre pr\u00e9voyez plut\u00f4t 7 \u00e0 8 produits.<\/p>\n\n\n\n<p>Avec ou sans service, avec ou sans boisson, c&rsquo;est \u00e0 vous de voir. Faites nous part de vos contraintes (v\u00e9g\u00e9tarien, allergies, sans gluten&#8230;) nous r\u00e9fl\u00e9chirons avec vous pour vous apporter la solution qui vous convient. <\/p>\n\n\n\n<p><\/p>\n","protected":false},"excerpt":{"rendered":"<p>Vous offrir des produits frais, de saison, faits maison, fabriqu\u00e9s du jour, pour tous les app\u00e9tits et toutes les envies, voil\u00e0 le concept Miniz traiteur. Nous vous proposons des sandwichs aux pains vari\u00e9s, des salades, des k\u00e9babs, des burgers, des focaccias, des wraps&#8230; \u00e7a c&rsquo;est pour le sal\u00e9. C\u00f4t\u00e9 sucr\u00e9 il faut essayer notre d\u00e9licieuse [&hellip;]<\/p>\n","protected":false},"author":1,"featured_media":0,"parent":0,"menu_order":1,"comment_status":"closed","ping_status":"closed","template":"","meta":[],"_links":{"self":[{"href":"https:\/\/www.miniztraiteur.com\/index.php\/wp-json\/wp\/v2\/pages\/33"}],"collection":[{"href":"https:\/\/www.miniztraiteur.com\/index.php\/wp-json\/wp\/v2\/pages"}],"about":[{"href":"https:\/\/www.miniztraiteur.com\/index.php\/wp-json\/wp\/v2\/types\/page"}],"author":[{"embeddable":true,"href":"https:\/\/www.miniztraiteur.com\/index.php\/wp-json\/wp\/v2\/users\/1"}],"replies":[{"embeddable":true,"href":"https:\/\/www.miniztraiteur.com\/index.php\/wp-json\/wp\/v2\/comments?post=33"}],"version-history":[{"count":16,"href":"https:\/\/www.miniztraiteur.com\/index.php\/wp-json\/wp\/v2\/pages\/33\/revisions"}],"predecessor-version":[{"id":468,"href":"https:\/\/www.miniztraiteur.com\/index.php\/wp-json\/wp\/v2\/pages\/33\/revisions\/468"}],"wp:attachment":[{"href":"https:\/\/www.miniztraiteur.com\/index.php\/wp-json\/wp\/v2\/media?parent=33"}],"curies":[{"name":"wp","href":"https:\/\/api.w.org\/{rel}","templated":true}]}}