{"id":42,"date":"2019-01-26T21:42:06","date_gmt":"2019-01-26T20:42:06","guid":{"rendered":"http:\/\/www.miniztraiteur.com\/?page_id=42"},"modified":"2019-02-13T13:19:37","modified_gmt":"2019-02-13T12:19:37","slug":"salades","status":"publish","type":"page","link":"https:\/\/www.miniztraiteur.com\/index.php\/produits\/salades\/","title":{"rendered":"Salades"},"content":{"rendered":"\n<p>De d\u00e9licieuses salades belles et color\u00e9es, des produits frais, de saison pour une pause fra\u00eecheur \u00e0 partir de 1\u20ac50 la pi\u00e8ce.<\/p>\n\n\n\n<p>Quelques exemples selon le march\u00e9 : poulet c\u00e9sar,  ch\u00e8vre figue ,  <br>salade mexicaine aux haricots rouges, pomme de terre saumon, lentilles, poulet pain d&rsquo;\u00e9pices&#8230;<\/p>\n\n\n\n<figure class=\"wp-block-image\"><img loading=\"lazy\" width=\"1024\" height=\"683\" src=\"http:\/\/www.miniztraiteur.com\/wp-content\/uploads\/2019\/01\/03082017-0K8A7892-Modifier-1024x683.jpg\" alt=\"\" class=\"wp-image-75\" srcset=\"https:\/\/www.miniztraiteur.com\/wp-content\/uploads\/2019\/01\/03082017-0K8A7892-Modifier-1024x683.jpg 1024w, https:\/\/www.miniztraiteur.com\/wp-content\/uploads\/2019\/01\/03082017-0K8A7892-Modifier-300x200.jpg 300w, https:\/\/www.miniztraiteur.com\/wp-content\/uploads\/2019\/01\/03082017-0K8A7892-Modifier-768x512.jpg 768w\" sizes=\"(max-width: 1024px) 100vw, 1024px\" \/><figcaption>salade poulet c\u00e9sar<\/figcaption><\/figure>\n\n\n\n<figure class=\"wp-block-image\"><img loading=\"lazy\" width=\"1024\" height=\"683\" src=\"http:\/\/www.miniztraiteur.com\/wp-content\/uploads\/2019\/02\/27112016-0K8A9435-4-1024x683.jpg\" alt=\"\" class=\"wp-image-428\" srcset=\"https:\/\/www.miniztraiteur.com\/wp-content\/uploads\/2019\/02\/27112016-0K8A9435-4-1024x683.jpg 1024w, https:\/\/www.miniztraiteur.com\/wp-content\/uploads\/2019\/02\/27112016-0K8A9435-4-300x200.jpg 300w, https:\/\/www.miniztraiteur.com\/wp-content\/uploads\/2019\/02\/27112016-0K8A9435-4-768x512.jpg 768w\" sizes=\"(max-width: 1024px) 100vw, 1024px\" \/><figcaption> <br>salade poulet pain d&rsquo;\u00e9pices <\/figcaption><\/figure>\n\n\n\n<figure class=\"wp-block-image\"><img loading=\"lazy\" width=\"683\" height=\"1024\" src=\"http:\/\/www.miniztraiteur.com\/wp-content\/uploads\/2019\/01\/salade-lentille-3-1-683x1024.jpg\" alt=\"\" class=\"wp-image-172\" srcset=\"https:\/\/www.miniztraiteur.com\/wp-content\/uploads\/2019\/01\/salade-lentille-3-1-683x1024.jpg 683w, https:\/\/www.miniztraiteur.com\/wp-content\/uploads\/2019\/01\/salade-lentille-3-1-200x300.jpg 200w, https:\/\/www.miniztraiteur.com\/wp-content\/uploads\/2019\/01\/salade-lentille-3-1-768x1152.jpg 768w\" sizes=\"(max-width: 683px) 100vw, 683px\" \/><figcaption>salade lentilles<\/figcaption><\/figure>\n","protected":false},"excerpt":{"rendered":"<p>De d\u00e9licieuses salades belles et color\u00e9es, des produits frais, de saison pour une pause fra\u00eecheur \u00e0 partir de 1\u20ac50 la pi\u00e8ce. Quelques exemples selon le march\u00e9 : poulet c\u00e9sar, ch\u00e8vre figue , salade mexicaine aux haricots rouges, pomme de terre saumon, lentilles, poulet pain d&rsquo;\u00e9pices&#8230;<\/p>\n","protected":false},"author":1,"featured_media":0,"parent":231,"menu_order":1,"comment_status":"closed","ping_status":"closed","template":"","meta":[],"_links":{"self":[{"href":"https:\/\/www.miniztraiteur.com\/index.php\/wp-json\/wp\/v2\/pages\/42"}],"collection":[{"href":"https:\/\/www.miniztraiteur.com\/index.php\/wp-json\/wp\/v2\/pages"}],"about":[{"href":"https:\/\/www.miniztraiteur.com\/index.php\/wp-json\/wp\/v2\/types\/page"}],"author":[{"embeddable":true,"href":"https:\/\/www.miniztraiteur.com\/index.php\/wp-json\/wp\/v2\/users\/1"}],"replies":[{"embeddable":true,"href":"https:\/\/www.miniztraiteur.com\/index.php\/wp-json\/wp\/v2\/comments?post=42"}],"version-history":[{"count":8,"href":"https:\/\/www.miniztraiteur.com\/index.php\/wp-json\/wp\/v2\/pages\/42\/revisions"}],"predecessor-version":[{"id":429,"href":"https:\/\/www.miniztraiteur.com\/index.php\/wp-json\/wp\/v2\/pages\/42\/revisions\/429"}],"up":[{"embeddable":true,"href":"https:\/\/www.miniztraiteur.com\/index.php\/wp-json\/wp\/v2\/pages\/231"}],"wp:attachment":[{"href":"https:\/\/www.miniztraiteur.com\/index.php\/wp-json\/wp\/v2\/media?parent=42"}],"curies":[{"name":"wp","href":"https:\/\/api.w.org\/{rel}","templated":true}]}}