{"id":489,"date":"2019-02-14T09:21:57","date_gmt":"2019-02-14T08:21:57","guid":{"rendered":"http:\/\/www.miniztraiteur.com\/index.php\/home\/"},"modified":"2019-02-15T17:45:00","modified_gmt":"2019-02-15T16:45:00","slug":"home","status":"publish","type":"page","link":"https:\/\/www.miniztraiteur.com\/","title":{"rendered":"Home"},"content":{"rendered":"<div id=\"metaslider-id-470\" style=\"width: 100%;\" class=\"ml-slider-3-18-8 metaslider metaslider-flex metaslider-470 ml-slider\">\n    <div id=\"metaslider_container_470\">\n        <div id=\"metaslider_470\">\n            <ul aria-live=\"polite\" class=\"slides\">\n                <li style=\"display: block; width: 100%;\" class=\"slide-472 ms-image\"><img src=\"https:\/\/www.miniztraiteur.com\/wp-content\/uploads\/2019\/02\/03082017-0K8A7878-Modifier-700x300.jpg\" height=\"300\" width=\"700\" alt=\"\" class=\"slider-470 slide-472\" title=\"Wraps m\u00e9xicains\" \/><\/li>\n                <li style=\"display: none; width: 100%;\" class=\"slide-474 ms-image\"><img src=\"https:\/\/www.miniztraiteur.com\/wp-content\/uploads\/2019\/01\/03082017-0K8A7894-Modifier-2-700x300.jpg\" height=\"300\" width=\"700\" alt=\"\" class=\"slider-470 slide-474\" title=\"Sandwichs vari\u00e9s\" \/><\/li>\n                <li style=\"display: none; width: 100%;\" class=\"slide-475 ms-image\"><img src=\"https:\/\/www.miniztraiteur.com\/wp-content\/uploads\/2019\/01\/03082017-0K8A7839-Modifier-1-700x300.jpg\" height=\"300\" width=\"700\" alt=\"\" class=\"slider-470 slide-475\" title=\"Losange moutarde \u00e0 l&#039;ancienne pastrami\" \/><\/li>\n                <li style=\"display: none; width: 100%;\" class=\"slide-485 ms-image\"><img src=\"https:\/\/www.miniztraiteur.com\/wp-content\/uploads\/2019\/01\/salade-c\u00e9sar-0K8A9391-700x300.jpg\" height=\"300\" width=\"700\" alt=\"\" class=\"slider-470 slide-485\" title=\"Salade caesar\" \/><div class=\"caption-wrap\"><div class=\"caption\">Salades<\/div><\/div><\/li>\n            <\/ul>\n        <\/div>\n        \n    <\/div>\n<\/div>\n<p>\u00a0<\/p>\n\n\n<p>Le principe est simple : des produits de saisons, des fabrications ultra fra\u00eeches, toujours du jour, un prix unique, le service et le sourire !<\/p>\n\n\n\n<p>Pour une entreprise, un petit-d\u00e9jeuner, un bapt\u00eame, un cocktail, une soir\u00e9e de d\u00e9part en retraite&#8230; n&rsquo;h\u00e9sitez pas \u00e0 nous contacter. Nous saurons certainement  nous adapter \u00e0 vos besoins.<\/p>\n","protected":false},"excerpt":{"rendered":"<p>\u00a0 Le principe est simple : des produits de saisons, des fabrications ultra fra\u00eeches, toujours du jour, un prix unique, le service et le sourire ! Pour une entreprise, un petit-d\u00e9jeuner, un bapt\u00eame, un cocktail, une soir\u00e9e de d\u00e9part en retraite&#8230; n&rsquo;h\u00e9sitez pas \u00e0 nous contacter. Nous saurons certainement nous adapter \u00e0 vos besoins.<\/p>\n","protected":false},"author":1,"featured_media":0,"parent":0,"menu_order":0,"comment_status":"closed","ping_status":"closed","template":"","meta":[],"_links":{"self":[{"href":"https:\/\/www.miniztraiteur.com\/index.php\/wp-json\/wp\/v2\/pages\/489"}],"collection":[{"href":"https:\/\/www.miniztraiteur.com\/index.php\/wp-json\/wp\/v2\/pages"}],"about":[{"href":"https:\/\/www.miniztraiteur.com\/index.php\/wp-json\/wp\/v2\/types\/page"}],"author":[{"embeddable":true,"href":"https:\/\/www.miniztraiteur.com\/index.php\/wp-json\/wp\/v2\/users\/1"}],"replies":[{"embeddable":true,"href":"https:\/\/www.miniztraiteur.com\/index.php\/wp-json\/wp\/v2\/comments?post=489"}],"version-history":[{"count":3,"href":"https:\/\/www.miniztraiteur.com\/index.php\/wp-json\/wp\/v2\/pages\/489\/revisions"}],"predecessor-version":[{"id":572,"href":"https:\/\/www.miniztraiteur.com\/index.php\/wp-json\/wp\/v2\/pages\/489\/revisions\/572"}],"wp:attachment":[{"href":"https:\/\/www.miniztraiteur.com\/index.php\/wp-json\/wp\/v2\/media?parent=489"}],"curies":[{"name":"wp","href":"https:\/\/api.w.org\/{rel}","templated":true}]}}