{"id":78,"date":"2019-01-26T23:08:12","date_gmt":"2019-01-26T22:08:12","guid":{"rendered":"http:\/\/www.miniztraiteur.com\/?page_id=78"},"modified":"2019-01-29T17:10:58","modified_gmt":"2019-01-29T16:10:58","slug":"wraps","status":"publish","type":"page","link":"https:\/\/www.miniztraiteur.com\/index.php\/produits\/wraps\/","title":{"rendered":"Wraps"},"content":{"rendered":"\n<p>Des tortillas et des l\u00e9gumes frais pour des wraps aussi beaux que bons \u00e0 d\u00e9guster du bout des doigts. Des recettes pour tous les go\u00fbts : saumon, jambon roquette, mexicain, carotte curry \u00e0 partir de 1 \u20ac la pi\u00e8ce.<\/p>\n\n\n\n<figure class=\"wp-block-image\"><img loading=\"lazy\" width=\"1024\" height=\"683\" src=\"http:\/\/www.miniztraiteur.com\/wp-content\/uploads\/2019\/01\/03082017-0K8A7878-Modifier-1024x683.jpg\" alt=\"\" class=\"wp-image-82\" srcset=\"https:\/\/www.miniztraiteur.com\/wp-content\/uploads\/2019\/01\/03082017-0K8A7878-Modifier-1024x683.jpg 1024w, https:\/\/www.miniztraiteur.com\/wp-content\/uploads\/2019\/01\/03082017-0K8A7878-Modifier-300x200.jpg 300w, https:\/\/www.miniztraiteur.com\/wp-content\/uploads\/2019\/01\/03082017-0K8A7878-Modifier-768x512.jpg 768w\" sizes=\"(max-width: 1024px) 100vw, 1024px\" \/><figcaption>wrap mexicain<\/figcaption><\/figure>\n\n\n\n<figure class=\"wp-block-image\"><img loading=\"lazy\" width=\"1024\" height=\"683\" src=\"http:\/\/www.miniztraiteur.com\/wp-content\/uploads\/2019\/01\/27112016-0K8A9430-1024x683.jpg\" alt=\"\" class=\"wp-image-83\" srcset=\"https:\/\/www.miniztraiteur.com\/wp-content\/uploads\/2019\/01\/27112016-0K8A9430-1024x683.jpg 1024w, https:\/\/www.miniztraiteur.com\/wp-content\/uploads\/2019\/01\/27112016-0K8A9430-300x200.jpg 300w, https:\/\/www.miniztraiteur.com\/wp-content\/uploads\/2019\/01\/27112016-0K8A9430-768x512.jpg 768w\" sizes=\"(max-width: 1024px) 100vw, 1024px\" \/><figcaption>wrap carotte curry<\/figcaption><\/figure>\n","protected":false},"excerpt":{"rendered":"<p>Des tortillas et des l\u00e9gumes frais pour des wraps aussi beaux que bons \u00e0 d\u00e9guster du bout des doigts. Des recettes pour tous les go\u00fbts : saumon, jambon roquette, mexicain, carotte curry \u00e0 partir de 1 \u20ac la pi\u00e8ce.<\/p>\n","protected":false},"author":1,"featured_media":0,"parent":231,"menu_order":3,"comment_status":"closed","ping_status":"closed","template":"","meta":[],"_links":{"self":[{"href":"https:\/\/www.miniztraiteur.com\/index.php\/wp-json\/wp\/v2\/pages\/78"}],"collection":[{"href":"https:\/\/www.miniztraiteur.com\/index.php\/wp-json\/wp\/v2\/pages"}],"about":[{"href":"https:\/\/www.miniztraiteur.com\/index.php\/wp-json\/wp\/v2\/types\/page"}],"author":[{"embeddable":true,"href":"https:\/\/www.miniztraiteur.com\/index.php\/wp-json\/wp\/v2\/users\/1"}],"replies":[{"embeddable":true,"href":"https:\/\/www.miniztraiteur.com\/index.php\/wp-json\/wp\/v2\/comments?post=78"}],"version-history":[{"count":6,"href":"https:\/\/www.miniztraiteur.com\/index.php\/wp-json\/wp\/v2\/pages\/78\/revisions"}],"predecessor-version":[{"id":365,"href":"https:\/\/www.miniztraiteur.com\/index.php\/wp-json\/wp\/v2\/pages\/78\/revisions\/365"}],"up":[{"embeddable":true,"href":"https:\/\/www.miniztraiteur.com\/index.php\/wp-json\/wp\/v2\/pages\/231"}],"wp:attachment":[{"href":"https:\/\/www.miniztraiteur.com\/index.php\/wp-json\/wp\/v2\/media?parent=78"}],"curies":[{"name":"wp","href":"https:\/\/api.w.org\/{rel}","templated":true}]}}